der when 792004 is divided by 234?
148
What is the remainder when 3292725 is divided by 195?
150
Calculate the remainder when 3130707 is divided by 5.
2
Calculate the remainder when 9904 is divided by 3168.
400
What is the remainder when 1408904 is divided by 61256?
16
Calculate the remainder when 12455159 is divided by 30906.
41
Calculate the remainder when 20372137 is divided by 931.
926
What is the remainder when 372822 is divided by 46504?
790
What is the remainder when 1943459 is divided by 236?
235
Calculate the remainder when 1687236 is divided by 581.
12
Calculate the remainder when 1422233 is divided by 129293.
10
Calculate the remainder when 1025153 is divided by 224.
129
Calculate the remainder when 78994 is divided by 3574.
366
What is the remainder when 6023 is divided by 1817?
572
What is the remainder when 262519 is divided by 888?
559
What is the remainder when 3051302 is divided by 98?
72
What is the remainder when 15514262 is divided by 144?
134
What is the remainder when 756390 is divided by 8802?
8220
Calculate the remainder when 3867762 is divided by 429748.
30
What is the remainder when 244747 is divided by 244730?
17
Calculate the remainder when 30553 is divided by 5044.
289
Calculate the remainder when 3836076 is divided by 22046.
72
Calculate the remainder when 225165 is divided by 55517.
3097
What is the remainder when 1961589 is divided by 417?
21
Calculate the remainder when 1377944 is divided by 2133.
26
Calculate the remainder when 162515697 is divided by 30.
27
Calculate the remainder when 56602602 is divided by 1139.
1136
Calculate the remainder when 22880035 is divided by 5720006.
11
Calculate the remainder when 17087574 is divided by 27080.
94
What is the remainder when 16767 is divided by 1250?
517
What is the remainder when 241257 is divided by 339?
228
Calculate the remainder when 90685402 is divided by 48.
10
Calculate the remainder when 2515249 is divided by 1257624.
1
Calculate the remainder when 160798 is divided by 625.
173
Calculate the remainder when 10414 is divided by 4395.
1624
Calculate the remainder when 6725905 is divided by 6725897.
8
Calculate the remainder when 68446 is divided by 1992.
718
What is the remainder when 1238684 is divided by 1718?
6
Calculate the remainder when 30281 is divided by 4294.
223
What is the remainder when 1995 is divided by 1082?
913
Calculate the remainder when 316226 is divided by 463.
460
Calculate the remainder when 5122042 is divided by 1123.
39
Calculate the remainder when 49798708 is divided by 80.
68
Calculate the remainder when 818994 is divided by 38996.
78
Calculate the remainder when 3904280 is divided by 1300889.
1613
What is the remainder when 156538 is divided by 7801?
518
What is the remainder when 4175 is divided by 689?
41
Calculate the remainder when 5572642 is divided by 253301.
20
Calculate the remainder when 39760 is divided by 2241.
1663
What is the remainder when 165747 is divided by 15061?
76
What is the remainder when 6357927 is divided by 133?
128
What is the remainder when 111925706 is divided by 271?
267
Calculate the remainder when 100130 is divided by 197.
54
Calculate the remainder when 29918770 is divided by 90.
70
Calculate the remainder when 146541316 is divided by 57.
16
What is the remainder when 31334 is divided by 30976?
358
Calculate the remainder when 113364 is divided by 56498.
368
What is the remainder when 334953 is divided by 801?
135
What is the remainder when 373782 is divided by 6921?
48
Calculate the remainder when 491159 is divided by 54539.
308
What is the remainder when 1117164 is divided by 199?
177
Calculate the remainder when 1171190698 is divided by 60.
58
What is the remainder when 192374 is divided by 192364?
10
Calculate the remainder when 3689231 is divided by 4972.
7
What is the remainder when 244032733 is divided by 37?
10
What is the remainder when 40142 is divided by 3648?
14
Calculate the remainder when 9112383 is divided by 3037427.
102
Calculate the remainder when 4210613 is divided by 370.
13
What is the remainder when 13411 is divided by 121?
101
What is the remainder when 216467 is divided by 8827?
4619
Calculate the remainder when 13682665 is divided by 157.
115
Calculate the remainder when 23628805 is divided by 57491.
4
What is the remainder when 2280490 is divided by 40?
10
What is the remainder when 892404 is divided by 13943?
52
What is the remainder when 44050 is divided by 21545?
960
Calculate the remainder when 746440 is divided by 773.
495
Calculate the remainder when 497288 is divided by 5405.
28
Calculate the remainder when 446409 is divided by 3158.
1131
Calculate the remainder when 333307 is divided by 1601.
299
Calculate the remainder when 411620 is divided by 8423.
7316
What is the remainder when 656648 is divided by 2970?
278
Calculate the remainder when 57796491 is divided by 150.
141
Calculate the remainder when 751597 is divided by 250527.
16
What is the remainder when 275811 is divided by 212?
211
Calculate the remainder when 14563 is divided by 217.
24
Calculate the remainder when 1320447 is divided by 741.
726
What is the remainder when 5207916 is divided by 578655?
21
Calculate the remainder when 2994373 is divided by 1497080.
213
What is the remainder when 2378996 is divided by 1830?
1826
Calculate the remainder when 52648834 is divided by 33.
7
Calculate the remainder when 123218216 is divided by 47.
8
What is the remainder when 20565327 is divided by 2056532?
7
What is the remainder when 23538714 is divided by 57?
51
What is the remainder when 5821619 is divided by 187793?
36
What is the remainder when 107702256 is divided by 8852?
8824
What is the remainder when 105773 is divided by 392?
325
Calculate the remainder when 1691537 is divided by 1691518.
19
Calculate the remainder when 7175525 is divided by 116.
113
What is the remainder when 53865 is divided by 928?
41
Calculate the remainder when 7137793 is divided by 716.
705
Calculate the remainder when 15099 is divided by 4042.
2973
Calculate the remainder when 26239036 is divided by 5693.
5692
Calculate the remainder when 1320973 is divided by 1545.
1543
Calculate the remainder when 20688297 is divided by 1216957.
28
What is the remainder when 1272104 is divided by 454?
450
What is the remainder when 3579271 is divided by 4381?
4375
Calculate the remainder when 2914925 is divided by 41.
30
Calculate the remainder when 629714 is divided by 638.
8
Calculate the remainder when 750958 is divided by 32.
14
What is the remainder when 1869047 is divided by 2086?
2077
Calculate the remainder when 21880 is divided by 21849.
31
What is the remainder when 19908109 is divided by 128?
13
Calculate the remainder when 1005030 is divided by 8664.
6
What is the remainder when 53846457 is divided by 65?
2
Calculate the remainder when 228455 is divided by 4478.
77
What is the remainder when 16897582 is divided by 1113?
16
Calculate the remainder when 31282229 is divided by 13507.
17
What is the remainder when 12705097 is divided by 279?
274
What is the remainder when 13992120 is divided by 164?
132
What is the remainder when 145626 is divided by 14?
12
What is the remainder when 74362788 is divided by 561?
555
Calculate the remainder when 1354424 is divided by 110.
104
Calculate the remainder when 44164296 is divided by 446104.
0
What is the remainder when 21244456 is divided by 52?
12
Calculate the remainder when 92567814 is divided by 44.
42
What is the remainder when 1828852 is divided by 3214?
86
Calculate the remainder when 12612 is divided by 1918.
1104
Calculate the remainder when 6723087 is divided by 448196.
147
Calculate the remainder when 3336703 is divided by 1161.
1150
Calculate the remainder when 242989 is divided by 486.
475
Calculate the remainder when 26837538 is divided by 1359.
6
What is the remainder when 107767 is divided by 53703?
361
What is the remainder when 117836 is divided by 2510?
2376
What is the remainder when 1674751 is divided by 171?
148
Calculate the remainder when 2856053 is divided by 14.
11
Calculate the remainder when 281936 is divided by 58.
56
What is the remainder when 1286302 is divided by 1645?
1557
Calculate the remainder when 267928 is divided by 622.
468
Calculate the remainder when 89